{"id":1021,"date":"2016-11-29T19:50:18","date_gmt":"2016-11-29T18:50:18","guid":{"rendered":"http:\/\/losgalindos.turingprojects.com\/?page_id=1021"},"modified":"2023-01-24T16:49:48","modified_gmt":"2023-01-24T15:49:48","slug":"companyia","status":"publish","type":"page","link":"https:\/\/losgalindos.net\/es\/companyia\/","title":{"rendered":"La Compa\u00f1\u00eda"},"content":{"rendered":"<section class=\"l-section wpb_row height_small\"><div class=\"l-section-h i-cf\"><div class=\"g-cols vc_row via_flex valign_top type_default stacking_default\"><div class=\"vc_col-sm-6 wpb_column vc_column_container\"><div class=\"vc_column-inner\"><div class=\"wpb_wrapper\"><div class=\"wpb_text_column us_custom_8d5aa4e2\"><div class=\"wpb_wrapper\"><h2>La Compa\u00f1\u00eda<\/h2>\n<\/div><\/div><div class=\"wpb_text_column\"><div class=\"wpb_wrapper\"><p><strong>LOS GALINDOS (1991)<\/strong><br \/>\n<strong>Bet Garrell (1968) y Marcel Escolano (1967)<\/strong><\/p>\n<p>&nbsp;<\/p>\n<p><strong>Premi Nacional de Cultura 2016 de la Generalitat de Catalunya<\/strong><\/p>\n<p>&nbsp;<\/p>\n<p>Los Galindos nace de una sinergia de b\u00fasqueda inquieta y de energ\u00eda joven. Bajo la influencia directa de la \u00e9poca de la creaci\u00f3n colectiva y, en cierto modo, herederos del esp\u00edritu de libertad del teatro independiente que nos precedi\u00f3. Inspirados por la po\u00e9tica y por el imaginario fant\u00e1stico del Circo, nos ha cautivado el reto de la superaci\u00f3n, la necesidad de complicidad y la posibilidad de vivir y de expresarnos en libertad. Desde el aprendizaje y tambi\u00e9n desde el rigor profesional.<\/p>\n<p>Durante estos treinta a\u00f1os de viaje hemos visitado diferentes territorios creativos. El movimiento humano que comporta la vida de compa\u00f1\u00eda posicion\u00f3 a Bet y Marcel como l\u00edderes naturales del proyecto.<\/p>\n<p>Los primeros doce a\u00f1os de troupe como trapecistas volantes, acr\u00f3batas, malabaristas polifac\u00e9ticos y artistas exc\u00e9ntricos propulsaron lacompa\u00f1\u00eda a la escena internacional.<\/p>\n<p>El a\u00f1o 2003 fue un punto de inflexi\u00f3n y, a partir de ese momento, continuamos el proyecto como pareja art\u00edstica.<\/p>\n<p>A partir del 2011, los nuevos prop\u00f3sitos nos llevan, finalmente, al viejo deseo de poder presentar nuestros proyectos en la Yurta, una carpa mongol de nueve metros de di\u00e1metro, con un aforo de 100 espectadores, donde hemos creado los \u00faltimos seis espect\u00e1culos. Buscando desde la po\u00e9tica revolucionaria, la transmisi\u00f3n generacional y una puesta en escena acurada. Hemos dado espacio a la fantas\u00eda y el resultado ha sido un circo de entra\u00f1a, sint\u00e9tico y de proximidad.<\/p>\n<p>Una confrontaci\u00f3n del individuo con sus capacidades, que es como entendemos que el circo nos permite ser libres y honestos. Entendida la circularidad, podemos romper todas las l\u00edneas y pasearnos por las distintas posibilidades.<\/p>\n<\/div><\/div><\/div><\/div><\/div><div class=\"vc_col-sm-6 wpb_column vc_column_container\"><div class=\"vc_column-inner\"><div class=\"wpb_wrapper\"><div class=\"w-image align_center\"><div class=\"w-image-h\"><img decoding=\"async\" width=\"771\" height=\"916\" src=\"https:\/\/i0.wp.com\/losgalindos.net\/wp-content\/uploads\/2023\/01\/Foto-Ulls-0218-1.jpg?fit=771%2C916&amp;ssl=1\" class=\"attachment-full size-full\" alt=\"\" loading=\"lazy\" srcset=\"https:\/\/i0.wp.com\/losgalindos.net\/wp-content\/uploads\/2023\/01\/Foto-Ulls-0218-1.jpg?w=771&amp;ssl=1 771w, https:\/\/i0.wp.com\/losgalindos.net\/wp-content\/uploads\/2023\/01\/Foto-Ulls-0218-1.jpg?resize=253%2C300&amp;ssl=1 253w, https:\/\/i0.wp.com\/losgalindos.net\/wp-content\/uploads\/2023\/01\/Foto-Ulls-0218-1.jpg?resize=600%2C713&amp;ssl=1 600w, https:\/\/i0.wp.com\/losgalindos.net\/wp-content\/uploads\/2023\/01\/Foto-Ulls-0218-1.jpg?resize=768%2C912&amp;ssl=1 768w\" sizes=\"auto, (max-width: 771px) 100vw, 771px\" \/><\/div><\/div><div class=\"w-image align_none\"><div class=\"w-image-h\"><img decoding=\"async\" width=\"789\" height=\"526\" src=\"https:\/\/i0.wp.com\/losgalindos.net\/wp-content\/uploads\/2023\/01\/Foto-Ulls-0097.jpg?fit=789%2C526&amp;ssl=1\" class=\"attachment-large size-large\" alt=\"\" loading=\"lazy\" srcset=\"https:\/\/i0.wp.com\/losgalindos.net\/wp-content\/uploads\/2023\/01\/Foto-Ulls-0097.jpg?w=789&amp;ssl=1 789w, https:\/\/i0.wp.com\/losgalindos.net\/wp-content\/uploads\/2023\/01\/Foto-Ulls-0097.jpg?resize=300%2C200&amp;ssl=1 300w, https:\/\/i0.wp.com\/losgalindos.net\/wp-content\/uploads\/2023\/01\/Foto-Ulls-0097.jpg?resize=600%2C400&amp;ssl=1 600w, https:\/\/i0.wp.com\/losgalindos.net\/wp-content\/uploads\/2023\/01\/Foto-Ulls-0097.jpg?resize=768%2C512&amp;ssl=1 768w\" sizes=\"auto, (max-width: 789px) 100vw, 789px\" \/><\/div><\/div><div class=\"w-image align_none\"><div class=\"w-image-h\"><img decoding=\"async\" width=\"789\" height=\"526\" src=\"https:\/\/i0.wp.com\/losgalindos.net\/wp-content\/uploads\/2023\/01\/Foto-Ulls-0098.jpg?fit=789%2C526&amp;ssl=1\" class=\"attachment-large size-large\" alt=\"\" loading=\"lazy\" srcset=\"https:\/\/i0.wp.com\/losgalindos.net\/wp-content\/uploads\/2023\/01\/Foto-Ulls-0098.jpg?w=789&amp;ssl=1 789w, https:\/\/i0.wp.com\/losgalindos.net\/wp-content\/uploads\/2023\/01\/Foto-Ulls-0098.jpg?resize=300%2C200&amp;ssl=1 300w, https:\/\/i0.wp.com\/losgalindos.net\/wp-content\/uploads\/2023\/01\/Foto-Ulls-0098.jpg?resize=600%2C400&amp;ssl=1 600w, https:\/\/i0.wp.com\/losgalindos.net\/wp-content\/uploads\/2023\/01\/Foto-Ulls-0098.jpg?resize=768%2C512&amp;ssl=1 768w\" sizes=\"auto, (max-width: 789px) 100vw, 789px\" \/><\/div><\/div><\/div><\/div><\/div><\/div><\/div><\/section><section class=\"l-section wpb_row height_small\"><div class=\"l-section-h i-cf\"><div class=\"g-cols vc_row via_flex valign_top type_default stacking_default\"><div class=\"vc_col-sm-12 wpb_column vc_column_container\"><div class=\"vc_column-inner\"><div class=\"wpb_wrapper\"><div class=\"w-separator size_small with_line width_default thick_1 style_solid color_border align_center\"><div class=\"w-separator-h\"><\/div><\/div><div class=\"w-image align_center\"><div class=\"w-image-h\"><img decoding=\"async\" width=\"100\" height=\"100\" src=\"https:\/\/i0.wp.com\/losgalindos.net\/wp-content\/uploads\/2021\/02\/Guardo-100.jpg?fit=100%2C100&amp;ssl=1\" class=\"attachment-full size-full\" alt=\"\" loading=\"lazy\" \/><\/div><\/div><div class=\"wpb_text_column\"><div class=\"wpb_wrapper\"><p style=\"text-align: center;\">Premio Nacional de Cultura 2016 (Generalitat de Catalunya)<\/p>\n<\/div><\/div><div class=\"wpb_text_column\"><div class=\"wpb_wrapper\"><\/div><\/div><\/div><\/div><\/div><\/div><\/div><\/section>\n","protected":false},"excerpt":{"rendered":"La Compa\u00f1\u00eda LOS GALINDOS (1991) Bet Garrell (1968) y Marcel Escolano (1967) &nbsp; Premi Nacional de Cultura 2016 de la Generalitat de Catalunya &nbsp; Los Galindos nace de una sinergia...","protected":false},"author":1,"featured_media":0,"parent":0,"menu_order":1,"comment_status":"closed","ping_status":"closed","template":"","meta":{"jetpack_post_was_ever_published":false,"footnotes":""},"class_list":["post-1021","page","type-page","status-publish","hentry"],"jetpack_sharing_enabled":true,"jetpack_shortlink":"https:\/\/wp.me\/P8cVNR-gt","_links":{"self":[{"href":"https:\/\/losgalindos.net\/es\/wp-json\/wp\/v2\/pages\/1021","targetHints":{"allow":["GET"]}}],"collection":[{"href":"https:\/\/losgalindos.net\/es\/wp-json\/wp\/v2\/pages"}],"about":[{"href":"https:\/\/losgalindos.net\/es\/wp-json\/wp\/v2\/types\/page"}],"author":[{"embeddable":true,"href":"https:\/\/losgalindos.net\/es\/wp-json\/wp\/v2\/users\/1"}],"replies":[{"embeddable":true,"href":"https:\/\/losgalindos.net\/es\/wp-json\/wp\/v2\/comments?post=1021"}],"version-history":[{"count":5,"href":"https:\/\/losgalindos.net\/es\/wp-json\/wp\/v2\/pages\/1021\/revisions"}],"predecessor-version":[{"id":4478,"href":"https:\/\/losgalindos.net\/es\/wp-json\/wp\/v2\/pages\/1021\/revisions\/4478"}],"wp:attachment":[{"href":"https:\/\/losgalindos.net\/es\/wp-json\/wp\/v2\/media?parent=1021"}],"curies":[{"name":"wp","href":"https:\/\/api.w.org\/{rel}","templated":true}]}}

La Compañía

<section class="l-section wpb_row height_small"><div class="l-section-h i-cf"><div class="g-cols vc_row via_flex valign_top type_default stacking_default"><div class="vc_col-sm-6 wpb_column vc_column_container"><div class="vc_column-inner"><div class="wpb_wrapper"><div class="wpb_text_column us_custom_8d5aa4e2"><div class="wpb_wrapper"><h2>La Compañía</h2>
</div></div><div class="wpb_text_column"><div class="wpb_wrapper"><p><strong>LOS GALINDOS (1991)</strong><br />
<strong>Bet Garrell (1968) y Marcel Escolano (1967)</strong></p>
<p>&nbsp;</p>
<p><strong>Premi Nacional de Cultura 2016 de la Generalitat de Catalunya</strong></p>
<p>&nbsp;</p>
<p>Los Galindos nace de una sinergia de búsqueda inquieta y de energía joven. Bajo la influencia directa de la época de la creación colectiva y, en cierto modo, herederos del espíritu de libertad del teatro independiente que nos precedió. Inspirados por la poética y por el imaginario fantástico del Circo, nos ha cautivado el reto de la superación, la necesidad de complicidad y la posibilidad de vivir y de expresarnos en libertad. Desde el aprendizaje y también desde el rigor profesional.</p>
<p>Durante estos treinta años de viaje hemos visitado diferentes territorios creativos. El movimiento humano que comporta la vida de compañía posicionó a Bet y Marcel como líderes naturales del proyecto.</p>
<p>Los primeros doce años de troupe como trapecistas volantes, acróbatas, malabaristas polifacéticos y artistas excéntricos propulsaron lacompañía a la escena internacional.</p>
<p>El año 2003 fue un punto de inflexión y, a partir de ese momento, continuamos el proyecto como pareja artística.</p>
<p>A partir del 2011, los nuevos propósitos nos llevan, finalmente, al viejo deseo de poder presentar nuestros proyectos en la Yurta, una carpa mongol de nueve metros de diámetro, con un aforo de 100 espectadores, donde hemos creado los últimos seis espectáculos. Buscando desde la poética revolucionaria, la transmisión generacional y una puesta en escena acurada. Hemos dado espacio a la fantasía y el resultado ha sido un circo de entraña, sintético y de proximidad.</p>
<p>Una confrontación del individuo con sus capacidades, que es como entendemos que el circo nos permite ser libres y honestos. Entendida la circularidad, podemos romper todas las líneas y pasearnos por las distintas posibilidades.</p>
</div></div></div></div></div><div class="vc_col-sm-6 wpb_column vc_column_container"><div class="vc_column-inner"><div class="wpb_wrapper"><div class="w-image align_center"><div class="w-image-h"><img decoding="async" width="771" height="916" src="https://i0.wp.com/losgalindos.net/wp-content/uploads/2023/01/Foto-Ulls-0218-1.jpg?fit=771%2C916&amp;ssl=1" class="attachment-full size-full" alt="" loading="lazy" srcset="https://i0.wp.com/losgalindos.net/wp-content/uploads/2023/01/Foto-Ulls-0218-1.jpg?w=771&amp;ssl=1 771w, https://i0.wp.com/losgalindos.net/wp-content/uploads/2023/01/Foto-Ulls-0218-1.jpg?resize=253%2C300&amp;ssl=1 253w, https://i0.wp.com/losgalindos.net/wp-content/uploads/2023/01/Foto-Ulls-0218-1.jpg?resize=600%2C713&amp;ssl=1 600w, https://i0.wp.com/losgalindos.net/wp-content/uploads/2023/01/Foto-Ulls-0218-1.jpg?resize=768%2C912&amp;ssl=1 768w" sizes="auto, (max-width: 771px) 100vw, 771px" /></div></div><div class="w-image align_none"><div class="w-image-h"><img decoding="async" width="789" height="526" src="https://i0.wp.com/losgalindos.net/wp-content/uploads/2023/01/Foto-Ulls-0097.jpg?fit=789%2C526&amp;ssl=1" class="attachment-large size-large" alt="" loading="lazy" srcset="https://i0.wp.com/losgalindos.net/wp-content/uploads/2023/01/Foto-Ulls-0097.jpg?w=789&amp;ssl=1 789w, https://i0.wp.com/losgalindos.net/wp-content/uploads/2023/01/Foto-Ulls-0097.jpg?resize=300%2C200&amp;ssl=1 300w, https://i0.wp.com/losgalindos.net/wp-content/uploads/2023/01/Foto-Ulls-0097.jpg?resize=600%2C400&amp;ssl=1 600w, https://i0.wp.com/losgalindos.net/wp-content/uploads/2023/01/Foto-Ulls-0097.jpg?resize=768%2C512&amp;ssl=1 768w" sizes="auto, (max-width: 789px) 100vw, 789px" /></div></div><div class="w-image align_none"><div class="w-image-h"><img decoding="async" width="789" height="526" src="https://i0.wp.com/losgalindos.net/wp-content/uploads/2023/01/Foto-Ulls-0098.jpg?fit=789%2C526&amp;ssl=1" class="attachment-large size-large" alt="" loading="lazy" srcset="https://i0.wp.com/losgalindos.net/wp-content/uploads/2023/01/Foto-Ulls-0098.jpg?w=789&amp;ssl=1 789w, https://i0.wp.com/losgalindos.net/wp-content/uploads/2023/01/Foto-Ulls-0098.jpg?resize=300%2C200&amp;ssl=1 300w, https://i0.wp.com/losgalindos.net/wp-content/uploads/2023/01/Foto-Ulls-0098.jpg?resize=600%2C400&amp;ssl=1 600w, https://i0.wp.com/losgalindos.net/wp-content/uploads/2023/01/Foto-Ulls-0098.jpg?resize=768%2C512&amp;ssl=1 768w" sizes="auto, (max-width: 789px) 100vw, 789px" /></div></div></div></div></div></div></div></section><section class="l-section wpb_row height_small"><div class="l-section-h i-cf"><div class="g-cols vc_row via_flex valign_top type_default stacking_default"><div class="vc_col-sm-12 wpb_column vc_column_container"><div class="vc_column-inner"><div class="wpb_wrapper"><div class="w-separator size_small with_line width_default thick_1 style_solid color_border align_center"><div class="w-separator-h"></div></div><div class="w-image align_center"><div class="w-image-h"><img decoding="async" width="100" height="100" src="https://i0.wp.com/losgalindos.net/wp-content/uploads/2021/02/Guardo-100.jpg?fit=100%2C100&amp;ssl=1" class="attachment-full size-full" alt="" loading="lazy" /></div></div><div class="wpb_text_column"><div class="wpb_wrapper"><p style="text-align: center;">Premio Nacional de Cultura 2016 (Generalitat de Catalunya)</p>
</div></div><div class="wpb_text_column"><div class="wpb_wrapper"></div></div></div></div></div></div></div></section>

La Compañía LOS GALINDOS (1991) Bet Garrell (1968) y Marcel Escolano (1967) &nbsp; Premi Nacional de Cultura 2016 de la Generalitat de Catalunya &nbsp; Los Galindos nace de una sinergia...
